Calculate s(-11).
3
Let h(u) be the third derivative of 0*u - 1/120*u**6 - 1/120*u**5 - 13/12*u**4 + 0*u**3 + 0 + 14*u**2. Let a(r) be the second derivative of h(r). What is a(1)?
-7
Let m(w) be the first derivative of 2*w**2 + w + 158. Let l = 15 + -14. Let j be (l*(2 - 3))/(-1). Give m(j).
5
Let w be (-2)/(-5)*(-30)/12. Let v(i) = 8*i + 96. Let r(b) = -15*b - 168. Let c(n) = 4*r(n) + 7*v(n). Determine c(w).
4
Let j(v) be the second derivative of 15 + 1/12*v**4 - 3*v - 5/2*v**2 - 3/2*v**3. What is j(7)?
-19
Let y(d) = -5*d + 2*d - 1084 + 1099. Let g = -4 - -10. Determine y(g).
-3
Let u be (12 - (-1425)/(-120))/((-2)/(-16)). Let f be (-93)/(-15) + 4/(-20). Let w(k) = 3 - f + k**2 + 0*k**3 + 6*k**3 + 2 + k. Determine w(u).
7
Let d(t) = -2*t**3 + 23*t**2 + 12*t + 6. Let i be d(12). Let c(f) = 2 + 2*f + 123*f**2 - i*f - 122*f**2. Let m = 13 - 8. Determine c(m).
7
Let r(g) = g**2 + 43*g + 2. Let l be r(-43). Suppose b - 23 = -5*v, -3*b + v - 3 = -l*v. Let a(t) = -t**2 - 4*t + 1. Determine a(b).
-20
Let t(x) be the third derivative of -x**6/30 + x**5/60 + x**2. Let q = -171 + 344. Suppose -163 + q = -10*n. Determine t(n).
5
Let q(x) = 2*x + 1. Let h be (2 - (-2 + 6))*9/(-6). Suppose -5*i + 4*i - 11 = -2*k, h*i + 24 = 3*k. Give q(k).
7
Let v = 14 - 8. Let p = 1 - v. Let l(m) be the second derivative of m**4/12 + m**3/2 + 5*m**2/2 + 34*m + 9. Give l(p).
15
Let x(p) = -3*p**3 + 20*p**2 - 68*p + 17. Let g(q) = q**3 - q**2 + 17*q + 2. Let n(w) = -2*g(w) - x(w). What is n(16)?
11
Let q(m) = 786 - m**2 - 3*m + m - 1555 + 779. What is q(-3)?
7
Let s(r) = -1550*r - 7753. Let m be s(-5). Let b(a) = -8*a + 9. Determine b(m).
33
Let r(h) = 10*h + 2. Let o(u) = 5*u. Let x(b) = -5*o(b) + r(b). What is x(1)?
-13
Let d(h) = -17*h**2 + 6*h + 15. Let n(s) = -9*s**2 - s - 2. Let a(f) = d(f) - 2*n(f). Determine a(-9).
28
Let b(l) be the first derivative of l**3/3 + 19*l**2/2 + 10*l + 1129. Calculate b(-19).
10
Let m(x) = -10*x + 9*x - 1423 + 1437. Suppose -12*u + 48 = -36. What is m(u)?
7
Let d(j) be the third derivative of -4*j**4/3 + 5*j**3/6 + 1076*j**2. Give d(2).
-59
Let c(t) = 162*t - 3*t**2 + 96*t**3 - 172*t - 95*t**3 + 6. Give c(5).
6
Let n(t) = t. Let v be (-2)/14 - 145/(-35). Suppose -w - w + 5*l = 15, -22 = v*w - 2*l. Calculate n(w).
-5
Let u(b) = 0 + 151412*b**2 - 2 + b**3 - 151424*b**2 + 4*b. Determine u(11).
-79
Let n(k) = k**2 + 5*k + 3. Let v(r) = r**2 + 8*r + 14. Let i be v(-6). Let s be i/(-4 - 7/(-2)). Give n(s).
-1
Let w(i) = 51*i + 129. Let x(q) = -15*q - 1. Let l(g) = w(g) + 4*x(g). Calculate l(13).
8
Let z(t) = -t**3 - 20*t**2 + 16*t + 11. Suppose 12*u = 11*u + 6, -j + 3 = 4*u. Calculate z(j).
116
Suppose -4*o - 3*p + 7*p = -8, 5*p + 10 = 3*o. Let b(f) = 2*f**3 + 5*f**2 + f + 8. Let s be b(o). Let d(x) = x**2 - 6*x - 11. What is d(s)?
5
Suppose -57 = 19*f - 0*f. Let l(y) = -7*y + 4. Let x(o) = 4*o - 2. Let g(a) = f*l(a) - 5*x(a). Calculate g(-4).
-6
Let c(r) be the third derivative of r**4/24 + r**3/2 - 2*r**2. Let u = -213899 + 213906. Give c(u).
10
Let b = 1 - 1. Let u(o) = 2*o + 4*o + b*o. Let w(v) = -v**3 - 117*v**2 + 3892*v - 111. Let s be w(27). Calculate u(s).
-18
Let v(z) = -z**2 - 7*z - 2. Let y(q) = -17*q + 11. Suppose 2*k = 0, 3*k - 15 = -j + 6*j. Let u be y(j). Suppose c + u - 56 = 0. Calculate v(c).
4
Let c = -6900 - -6904. Let u(a) = -a**3 + 5*a**2 - 7*a. Calculate u(c).
-12
Let w(n) = n**2 + 3*n + 5. Let x be (-2635)/(-62)*4/2. Let f = x + -88. What is w(f)?
5
Let j(x) = x**3 + x**2 + 1. Let y be (-3)/(-2) - -7*(-9)/(-18). Let n be (63/1 - 4) + y. Let r = n - 64. Give j(r).
1
Let c(i) = -45*i + 18. Let y(j) = -53*j + 19. Let g(b) = -6*c(b) + 5*y(b). Calculate g(3).
2
Let c(x) = -11*x**2 + x - 10. Let t(q) = 39*q**2 - 4*q + 29. Let m(s) = 7*c(s) + 2*t(s). Calculate m(5).
8
Suppose 0 = -2*x - 18*x + 220. Let r(j) = -8*j**2 - 3*j**2 + 1 + x*j**2 + 3*j**2. Calculate r(2).
13
Let p(z) = 56 + 13*z + 11*z + 6*z + 16*z - 59*z. What is p(5)?
-9
Let u(f) be the third derivative of -1/24*f**4 + 9*f**2 + 1/3*f**3 - 1/10*f**5 + 0*f - 14 + 1/120*f**6. Let c be 2/4 + (-33)/(-6). Give u(c).
-4
Let y(u) = 23*u + 1 - 1. Let a(r) = r**2 + 158*r + 4476. Let j be a(-37). Determine y(j).
-23
Let g(s) = 2*s**2 + 2*s - 2. Let a be g(0). Let y be 2 - (a + -1 + 2). Let u(w) = -23 - w**3 + 21 + 2*w**y. Calculate u(0).
-2
Let y(h) be the first derivative of -h**4/6 + h**3/6 - 67*h - 50. Let o(p) be the first derivative of y(p). Determine o(1).
-1
Let b = 145 + -141. Let m(x) = -x + 5 + 3*x**2 + 0*x**2 - 6*x + 8*x - b*x**2. Determine m(4).
-7
Let s(d) be the second derivative of d**4/8 + d**3/6 - 51*d**2/2 - 58*d. Let j(n) be the first derivative of s(n). What is j(2)?
7
Let f = 132 - 129. Suppose -f*d + 2 = -16. Let s(t) = -t**3 + 6*t**2 + t + 1. Determine s(d).
7
Let i(l) = -21*l + 19. Let w(u) = -3*u**2 - 52*u + 1016. Let a be w(-29). Calculate i(a).
-2
Let c(z) = -505 - 25*z**2 + 505 + 32*z**2. Determine c(1).
7
Let r(y) = -2*y**2 - 16*y - 6. Let n be (-8)/(-4) + ((-395)/45 - 12/54). Determine r(n).
8
Let q(y) = 63 - 235*y - 242*y + 473*y. Determine q(18).
-9
Let v(q) = q**2 - 10*q + 6. Let j = 271 + -233. Suppose 8 = -j*i + 39*i. Calculate v(i).
-10
Let w be (612/408)/(6/8). Let k(t) be the third derivative of 15*t**w + 0 + 1/6*t**3 + 1/24*t**4 + 0*t. What is k(5)?
6
Let q = -18 - -21. Suppose 3*m + 0*u - 2*u - 1 = 0, -q*u - 15 = 0. Let z(x) = x + 2 + 1 - 2*x - 3*x - 4. What is z(m)?
11
Let b(d) = 4 - 305*d**2 + d**3 + 206*d**2 + 34*d + 118*d**2. Determine b(-17).
4
Let m(i) = -3*i**2 + i + 1. Suppose 540 = 181*z - 184. Give m(z).
-43
Let s be 0 - (-1)/((-2)/(-4)). Let o(j) be the first derivative of j**3/6 + j**2/2 + 22*j - 79. Let p(f) be the first derivative of o(f). Determine p(s).
3
Let y(c) = 7*c + 9. Let b be (3 - 1*-1) + -1. Let s(r) = -76*r - 1. Let z(x) = -18*x + 1. Let q(f) = s(f) - 4*z(f). Let i(o) = b*y(o) + 5*q(o). Give i(-4).
-2
Let s(n) = -2*n**2 - 24*n + 18. Suppose 2*u + 85*c - 82*c = -45, -3*c + 3 = -2*u. Give s(u).
18
Let j(f) be the third derivative of f**4/4 + f**3/3 + 861*f**2. Determine j(-2).
-10
Let h(w) = 16*w**3 - 2*w**2 + 1. Suppose i + 4*i + 5*b = 15, 0 = -3*i + 3*b - 9. Suppose -3*m = 3*u - 10 - 2, i = -3*m + 4*u - 9. Calculate h(m).
15
Let s(t) = 3*t**2 + 2 - 8*t**2 - 3 - 4 + t**3 + 4*t. Let f be 4/((-64)/(-1236)) - (-5)/(-20). Let i = 81 - f. What is s(i)?
-5
Let a(i) = -i + 2. Let y be ((-80)/10 - 120) + -1 + 1. Let p = 138 + y. Calculate a(p).
-8
Let k(j) = -j - 10. Suppose -57*t = -303 - 1065. Let c be 4/44 - (4 + t/22). Calculate k(c).
-5
Let r(d) = -4*d**3 - 6*d**2 + 8*d - 3. Let h(p) = -3*p**3 - 7*p**2 + 4*p - 2. Let u(m) = 3*h(m) - 2*r(m). Determine u(-6).
-84
Let o be ((-16)/(-8))/((-6)/(-33)). Let a(y) = 2*y**2 - 19*y. Give a(o).
33
Let y(s) = -s**3 + 4*s**2 + 5*s + 5. Suppose 3*a - 33 = -4*b, -5*b + a = -0*a - 27. Let t(f) = -10 + 8*f - b*f - 10*f - f**2. Let q be t(-5). Give y(q).
5
Let f = 116 + -117. Let n(o) = -5004*o + 2506*o + 4 + 2509*o. Calculate n(f).
-7
Let b(h) = h**3 + 12*h**2 + h + 14. Let n be b(-12). Let d(z) = 3*z + 5*z - z**2 - 8*z + n*z**3 + 1. Calculate d(2).
13
Let x(z) be the third derivative of 1/8*z**4 + 165*z**2 - 2/3*z**3 + 0*z + 1/120*z**6 + 0 + 1/60*z**5. Calculate x(-3).
-31
Let v(q) = 88*q - 3248. Let b be v(37). Let z(l) = l**3 - 9*l**2 + 9*l + 5. Calculate z(b).
13
Let q(u) = -u**2 - 7*u + 4. Let j(y) = 42*y - 15*y - 21*y + 47. Let v be j(-9). Give q(v).
4
Let i(b) = 5*b + 220. Let q(l) = 289*l - 7272. Let x be q(25). What is i(x)?
-15
Let t = 3875 - 3877. Let m(l) be the third derivative of -l**4/2 - l**3/2 - 2*l**2. Determine m(t).
21
Let z(g) = g**3 - 19*g**2 + 68*g + 32. Suppose -48 = -9*d + 45 + 33. Calculate z(d).
4
Let b be -5*1 + 3*6/9. Let a be b - (8 + (4 - 7)). Let o(p) = -2*p - 18. What is o(a)?
-2
Let s(w) = 50 + 8*w**3 - 5*w**2 - 70 - 27*w**3 + 20*w**3. Calculate s(6).
16
Let l(q) = -q**3 - 17*q**2 + 17*q - 16. Let s be l(-18). Suppose -k + 2*k - s = 0. Let c(u) = -12*u**2 - 3 + 6 + 15*u**2 + k*u - 2*u**2. What is c(-2)?
3
Let z(o) = -2*o**3 + 11*o**2 - 20*o - 24. Let s be z(-1). Let l(c) = c**3 - 7*c**2 - 15*c - 17. Give l(s).
10
Let z(g) = 40*g**2 - g**3 + 3 - 34*g**2 - g - 5*g. Let k be 3 + 17*(-8)/(-4). Suppose -4 = -38*v + k*v. Determine z(v).
11
Let c(d) = 